6 and 351.
39
Calculate the greatest common divisor of 8275596 and 84.
84
What is the greatest common divisor of 544465 and 5?
5
What is the highest common divisor of 1181145 and 980?
245
Calculate the greatest common divisor of 32763 and 201.
201
What is the greatest common factor of 69 and 41364?
3
What is the greatest common factor of 96439 and 1449?
161
What is the highest common divisor of 21 and 543?
3
What is the highest common divisor of 4914 and 12831?
273
Calculate the greatest common divisor of 50260 and 700.
140
What is the greatest common divisor of 1746624 and 132?
132
What is the greatest common divisor of 92 and 40388?
92
What is the greatest common divisor of 24583 and 806?
403
What is the highest common factor of 408 and 25224?
24
What is the greatest common divisor of 259476 and 567?
21
Calculate the highest common factor of 294 and 14322.
42
What is the highest common factor of 202696 and 416?
104
Calculate the highest common divisor of 16 and 39656.
8
What is the greatest common divisor of 40 and 45752?
8
What is the highest common divisor of 4 and 51108?
4
What is the greatest common divisor of 47370 and 160?
10
Calculate the highest common factor of 980 and 51485.
35
What is the highest common divisor of 6 and 22614?
6
Calculate the greatest common factor of 28 and 41342.
14
Calculate the highest common divisor of 4428 and 328.
164
Calculate the highest common factor of 917 and 212089.
131
Calculate the greatest common divisor of 790 and 5960.
10
Calculate the highest common divisor of 54 and 225558.
54
Calculate the greatest common divisor of 3035 and 85.
5
What is the greatest common divisor of 1736 and 4163362?
434
Calculate the highest common factor of 503460 and 540.
180
What is the greatest common factor of 84 and 22414?
14
What is the highest common divisor of 17 and 51017?
17
What is the highest common divisor of 500 and 27950?
50
Calculate the highest common divisor of 84 and 3750.
6
Calculate the greatest common divisor of 40074 and 42.
6
Calculate the highest common factor of 808908 and 30.
6
What is the highest common factor of 6018 and 16524?
102
What is the greatest common divisor of 2632 and 1204?
28
What is the highest common factor of 608 and 16256?
32
What is the greatest common factor of 30158 and 9622?
34
Calculate the highest common factor of 231 and 8928.
3
Calculate the highest common divisor of 3008 and 28858.
94
What is the greatest common factor of 534842 and 151?
151
What is the greatest common divisor of 23 and 237889?
23
Calculate the greatest common factor of 1073 and 5587.
37
Calculate the highest common divisor of 9983 and 14137.
67
Calculate the highest common factor of 918887 and 1839.
613
What is the highest common divisor of 72 and 890952?
24
Calculate the highest common divisor of 2516 and 1646093.
629
Calculate the greatest common divisor of 1260 and 25165.
35
Calculate the highest common factor of 29 and 663665.
29
What is the highest common factor of 505148 and 28?
28
Calculate the greatest common factor of 3885966 and 7.
7
What is the greatest common divisor of 975135 and 6?
3
Calculate the greatest common divisor of 2938 and 260.
26
Calculate the greatest common divisor of 16675 and 550.
25
Calculate the greatest common divisor of 270 and 984330.
90
What is the highest common factor of 256 and 150400?
128
Calculate the highest common divisor of 356832 and 64.
32
What is the highest common divisor of 6813 and 6?
3
Calculate the highest common factor of 422460 and 360.
180
What is the greatest common divisor of 153 and 697?
17
What is the greatest common factor of 6048 and 36504?
216
Calculate the greatest common factor of 124581 and 51671.
317
Calculate the highest common factor of 597276 and 141.
141
What is the greatest common factor of 7 and 297507?
7
Calculate the highest common factor of 6490 and 49560.
590
Calculate the greatest common divisor of 990 and 30294.
198
Calculate the greatest common factor of 165 and 265.
5
Calculate the highest common divisor of 193288 and 592.
296
What is the highest common divisor of 2983 and 152?
19
What is the greatest common factor of 388 and 2844?
4
What is the greatest common factor of 463 and 886645?
463
Calculate the greatest common factor of 1230 and 1412655.
615
Calculate the highest common divisor of 113 and 14499369.
113
What is the greatest common factor of 231527 and 41?
41
What is the highest common divisor of 3256 and 7216?
88
Calculate the greatest common factor of 39546 and 36.
18
What is the highest common factor of 2009 and 56546?
49
What is the greatest common factor of 498718 and 22?
22
Calculate the greatest common divisor of 44020 and 4588.
124
What is the highest common divisor of 48 and 328584?
24
Calculate the greatest common factor of 23 and 344885.
23
What is the greatest common divisor of 273 and 200109?
273
Calculate the greatest common factor of 28 and 1575168.
28
What is the greatest common factor of 5618 and 204?
2
Calculate the greatest common factor of 2315 and 5.
5
What is the greatest common divisor of 132 and 6028?
44
What is the highest common factor of 73027 and 41122?
709
What is the highest common factor of 248 and 14198?
62
Calculate the highest common divisor of 12150 and 32076.
486
What is the greatest common factor of 74 and 62086?
74
Calculate the greatest common factor of 835 and 31396.
167
What is the greatest common factor of 2368 and 64528?
592
Calculate the highest common divisor of 152 and 4792864.
152
What is the greatest common factor of 3682 and 1582?
14
What is the highest common divisor of 69028 and 10?
2
What is the highest common factor of 4210 and 2?
2
Calculate the highest common divisor of 318 and 40598.
106
What is the greatest common factor of 459 and 627759?
153
Calculate the greatest common divisor of 14567 and 4299346.
2081
What is the highest common factor of 1586 and 10187?
61
Calculate the greatest common divisor of 289949 and 143.
11
Calculate the greatest common divisor of 158817 and 2004.
501
Calculate the greatest common divisor of 2241 and 82755.
27
What is the highest common factor of 12840 and 45?
15
Calculate the greatest common factor of 205337 and 121.
121
Calculate the highest common divisor of 3933 and 6003.
207
What is the highest common divisor of 48 and 58224?
48
Calculate the highest common divisor of 304 and 1936.
16
What is the highest common divisor of 593245 and 590?
295
Calculate the highest common factor of 3269 and 194272.
467
What is the greatest common factor of 15440 and 540?
20
Calculate the highest common factor of 7232 and 128.
64
Calculate the greatest common factor of 1683741 and 309.
309
Calculate the highest common factor of 30 and 223710.
30
What is the greatest common divisor of 13875 and 78255?
555
What is the greatest common factor of 28667 and 109?
109
What is the highest common divisor of 622824 and 40?
8
What is the highest common divisor of 16 and 11664?
16
What is the highest common factor of 305055 and 60?
15
What is the greatest common factor of 438 and 966666?
438
Calculate the highest common factor of 1071 and 30213.
9
What is the greatest common factor of 35828 and 1484?
212
What is the highest common factor of 47 and 2211679?
47
Calculate the highest common divisor of 95896 and 184.
8
Calculate the greatest common divisor of 6110184 and 6.
6
Calculate the highest common divisor of 114 and 5369438.
38
What is the greatest common divisor of 396989 and 83?
83
What is the greatest common divisor of 56 and 30776?
8
Calculate the greatest common factor of 182 and 2108834.
182
Calculate the highest common divisor of 8420 and 160.
20
Calculate the highest common divisor of 36087 and 483.
69
What is the highest common divisor of 8442199 and 31?
31
Calculate the greatest common divisor of 81310 and 5405.
235
What is the highest common factor of 24377 and 76?
19
Calculate the greatest common factor of 528 and 425931.
33
Calculate the highest common divisor of 154 and 249942.
154
What is the highest common divisor of 368 and 18032?
368
Calculate the greatest common factor of 5900 and 4975.
25
Calculate the highest common divisor of 582 and 367436.
194
What is the greatest common divisor of 29165 and 608?
19
What is the greatest commo